238. Let q be b(3). Calculate the greatest common divisor of q and 432.
16
Suppose -4*d - 4 + 0 = 4*p, -5*d - p + 7 = 0. What is the highest common factor of 19 and d?
1
Let m(y) = -y**2 - 28*y + 98. Let z be m(-31). Calculate the highest common divisor of z and 10.
5
Suppose 0 = -5*u - t + 11, 4*t + 13 = -u - 0*u. Suppose -5*d = -u - 172. Let l(f) = 3*f - 10. Let a be l(5). Calculate the highest common factor of d and a.
5
Let u be (-7)/((-28)/(-40)) - 4. Let y = 16 + u. Let t be y/4*(-5 + 11). What is the highest common factor of t and 33?
3
Suppose -4*y + 7 = -5*n, 0*y = 2*n + y - 5. Let x be (-8)/7 + n + 2270/14. What is the greatest common divisor of 18 and x?
18
Let b(v) = -v**3 - 7*v**2 - 10*v - 16. Let h be b(-7). What is the highest common factor of 621 and h?
27
Let x = -210 - -490. Suppose -2*p + o = -67, 0 = 4*p + 2*o + o - 149. What is the greatest common divisor of x and p?
35
Let d(o) = -o**2 - 17*o + 8. Let f be d(-17). Suppose 3*v - f*v = -5*p - 40, 3*v = 4*p + 24. Calculate the greatest common factor of v and 2.
2
Let s be (15/25)/((-1)/(-15)). Suppose s*d - 14 = -3*w + 4*d, 0 = 2*w - 3*d - 41. What is the highest common factor of 26 and w?
13
Let i be (-3)/(-30) - 97884/(-360). What is the greatest common divisor of 34 and i?
34
Let p = 18 - 19. Let b be p*(56/((-12)/3) + -1). Let c = -1 + 6. Calculate the greatest common factor of b and c.
5
Suppose 184 = 5*t - 11. Suppose 2*l = -15 + t. Let r be 5 + (-3)/(l/8). What is the greatest common divisor of 21 and r?
3
Let d = -4 - -3. Let r be -12*3/(-6) + d. Let x be (-2)/r + 64/10. Calculate the greatest common divisor of x and 4.
2
Let p be ((-40)/70)/((-2)/2891). What is the greatest common factor of 28 and p?
14
Let q(g) = -80*g. Let u be q(-1). Suppose 2*w + 42 = b - 3*w, 2*w = -b + 28. What is the greatest common factor of u and b?
16
Suppose 240 = -401*n + 409*n. What is the highest common factor of n and 10?
10
Let v(h) = -h**3 + 4*h**2 - h - 2. Let q be v(3). Suppose -238 = q*b + 482. Let f be b/(-25)*20/3. Calculate the highest common factor of f and 32.
16
Let t(b) = -4860*b. Let u(l) = -113*l. Let w(f) = -5*t(f) + 216*u(f). Let h be w(-1). Let p = 22 + -10. What is the highest common factor of p and h?
12
Let i(l) = -6*l - 22. Let r be i(-19). What is the highest common factor of r and 736?
92
Let r(z) = 4*z + 4. Let i be r(3). Suppose -60 = -t + 5*t. Let p be (-18)/(-15)*20/(-9)*t. Calculate the highest common factor of p and i.
8
Let w be ((-30)/25)/(3/10). Let l be (w - -76) + 0/(-1). What is the greatest common factor of l and 18?
18
Let i = 106 + -75. Let h be i/2*2/1. Let g be (-279)/(-12)*(-8)/(-2). Calculate the greatest common divisor of g and h.
31
Suppose 3 = 4*q + 5*b, 4*q - 10 = b + b. Let l be 405/18*(4 - q). Suppose -3*x + l + 0 = 0. What is the highest common factor of x and 90?
15
Let f = -2 - 0. Let a be (-3)/f*(-6 - -8). Let i be (-66)/(-1*(a + -1)). Calculate the highest common factor of i and 363.
33
Suppose h + 4 = 5*u, u - 3*u - 4*h = 16. Suppose 2*j = -u*j + 44. What is the highest common divisor of 154 and j?
22
Let l(d) be the first derivative of 2*d**3/3 + 5*d**2 + d - 27. Let n be l(-6). What is the greatest common factor of n and 52?
13
Let o be -1 - (3 + 2*-1). Let a be 214/10 + o/5. Let k be 1 + 4 + -9 + 11. What is the highest common divisor of a and k?
7
Let k be 620/14 + (234/(-91))/9. Calculate the greatest common divisor of k and 4.
4
Suppose 0 = 2*h - 8*i + 3*i + 6, -2*i = 5*h - 14. Let f be 7/h - 3/(-6). What is the greatest common factor of 16 and f?
4
Suppose -255*d + 43 = -254*d. Calculate the greatest common factor of d and 86.
43
Let d(m) = m**2 - 7*m - 134. Let n be d(49). What is the greatest common divisor of n and 52?
52
Let o(a) = -a**3 - 13*a**2 + 30*a - 18. Let i be o(-16). Calculate the greatest common divisor of i and 15.
15
Let j = 27 + -24. Let a(m) = 4*m - 10. Let r be a(j). Calculate the highest common divisor of 1 and r.
1
Let s(y) = y**3 - 5*y**2 - 14*y + 12. Let t be s(7). Suppose 2*g - g = t. Calculate the greatest common factor of 16 and g.
4
Let r be 2*(1 + 36)*(-12)/(-8). Suppose -7*a = 13 - r. Let t = -30 + 51. What is the highest common divisor of t and a?
7
Let i be 9*(2/(-3) + 1). Suppose -i = -2*t + 55. Suppose 2*a - 107 = 9. Calculate the highest common factor of a and t.
29
Let j(y) = -y**2 + 23*y - 35. Let v be j(21). Suppose -3*o = -28 + v. What is the highest common factor of o and 7?
7
Let i be (48640/(-475))/((-2)/5). What is the highest common divisor of 224 and i?
32
Let i be 15/(-3) + 211 + -4 + -2. What is the highest common divisor of 225 and i?
25
Let c = 5 + 23. Let f = 2 - -21. Let q = -16 + f. Calculate the highest common factor of q and c.
7
Suppose -m = 2*k - 118 - 151, -4*k + 5*m = -545. Calculate the highest common factor of 15 and k.
15
Let j = -115 + 127. Let y be (90/(-24))/(1/(-8)). What is the highest common divisor of y and j?
6
Let o(c) = -54*c + 871. Let i be o(16). Let d = -42 + 119. What is the greatest common divisor of i and d?
7
Let w be ((-4 - 2) + 6 + -1)*-72. Let f be 8/1 + (2 - 2). What is the greatest common factor of f and w?
8
Suppose 0 = -2*r + 2*u - 3 + 11, u + 6 = 3*r. Let q be (6/9 - r)/((-6)/324). Calculate the greatest common factor of q and 54.
18
Suppose 0 = -4*a + 88 + 36. Suppose a = -3*i + 283. Suppose -5*w - 2*v + 50 = 0, 2*v + 17 + 53 = 5*w. What is the greatest common divisor of w and i?
12
Suppose -5*f = -5*l - 100, -5*f + 59 + 9 = 3*l. Let w be -3*(-1)/(6/f). Suppose 69*o = 72*o - 60. What is the greatest common divisor of w and o?
4
Suppose 3*l - 4*l - 3*c = -10, 3*l = 5*c + 2. Let b be l/(-9) - (-58423)/333. Calculate the greatest common divisor of b and 50.
25
Let c be (-113)/(-3) - 150/90. Calculate the greatest common factor of c and 120.
12
Suppose 5*j = -232 - 108. Let a = j + 79. Calculate the greatest common divisor of 143 and a.
11
Let d be (-3110)/(-12) - -2 - 1/6. What is the highest common factor of d and 145?
29
Suppose -111*f + 117*f = 210. Calculate the greatest common factor of 35 and f.
35
Let d(r) = -r**3 + 2*r**2 - 5*r + 3. Let a be d(6). Suppose -5*t + 2*z + 1444 = -0*t, 12 = 4*z. Let f = t + a. What is the highest common factor of f and 17?
17
Let r(k) = k**3 + 7*k**2 - 21*k - 58. Let s be r(-6). Calculate the greatest common factor of s and 16.
8
Let f be 4/12 - (-203)/3. Suppose -f = -3*g - 23. Suppose -4*a = -5*o - g, -2*a = -4*o + 3*o - 15. Calculate the greatest common divisor of a and 4.
2
Let w(y) = -3*y + 33. Let x be (-63)/(-27)*3*1 - -3. Let u be w(x). Calculate the highest common divisor of u and 3.
3
Suppose 1705 = 5*f - 3*h, -h - 2*h + 1675 = 5*f. Calculate the greatest common factor of f and 52.
26
Suppose -47 = -9*c + 295. Let d = 143 - c. What is the highest common divisor of d and 42?
21
Suppose s + j = 2*s - 16, 0 = -2*s - 3*j + 37. Calculate the highest common divisor of 1088 and s.
17
Let t be (10/(-30))/((-2)/18). Suppose 2*p + 3 = t*p. Let c = 11 - 8. What is the highest common factor of p and c?
3
Suppose 0 = -k - 2*l + 8, -35 + 3 = -4*k + 2*l. What is the highest common factor of 800 and k?
8
Suppose -l - 4*r + 16 = -3*l, 20 = 5*l + 5*r. Let h be 9 + (l + 9)/3. What is the highest common factor of 6 and h?
6
Suppose -42*i = -6358 - 3344. Let s be -1*4/((-8)/42). What is the highest common divisor of s and i?
21
Let b = -727 - -1440. What is the highest common factor of 31 and b?
31
Let b be 5 - (3/1 + -1). Let p = b + 7. Let f be (-3*(-4)/18)/(14/42). What is the highest common factor of f and p?
2
Suppose 0 = 59*q + 273 - 4167. Suppose -5*v + 182 = 17. What is the greatest common divisor of q and v?
33
Let k = -327 + 487. What is the highest common factor of k and 32?
32
Let z = 267 + -241. What is the greatest common factor of z and 39?
13
Suppose -9*n + 575 = 5*c - 4*n, -2*c = -n - 245. What is the greatest common factor of 48 and c?
24
Suppose -4*m = -12, 3*t + 6*m - 2712 = m. Suppose -80 = 7*v - t. What is the highest common factor of 26 and v?
13
Let d = 98 + -98. Let n be (-11)/(-2)*(d + 2 + 0). Calculate the highest common factor of n and 11.
11
Let k be 2 - (-14 + 2/(-1)). Suppose 4*l + 8 = -4*a, -2*l - 5*a - 16 = 3. Suppose -4 + 10 = l*t. Calculate the greatest common factor of t and k